10
Let t(w) = 55*w**2 + 170*w + 3. What is the remainder when t(-7) is divided by 84?
80
Suppose -5*h = -0*t - 2*t - 152, 0 = 5*h - 3*t - 153. What is the remainder when 3866 is divided by h?
26
What is the remainder when 1151 is divided by 9*10*(-53)/((-5035)/152)?
143
Let z = -411 - -425. Suppose 6*q - 652 = -184. Calculate the remainder when q is divided by z.
8
Let w(r) be the first derivative of 22*r**2 - r - 21. Let t = 24 + -22. What is the remainder when w(t) is divided by 30?
27
Let v = -64 - -240. Suppose 3*j - 104 - 85 = -4*q, 5*j - 304 = -3*q. Calculate the remainder when v is divided by j.
58
Let k(v) = 8*v - 22. Let m be (-148)/(-15) - 44/(-330). Calculate the remainder when k(m) is divided by 6.
4
Suppose -4*f = -3*f - 66. Let j = 86 + f. Suppose j + 40 = 6*i. What is the remainder when 93 is divided by i?
29
Let f = 88 + 6. Suppose 3*v + 42 = k - 58, -5*v - f = -k. Let c = k + -39. What is the remainder when c is divided by 18?
16
Let f(p) = 20*p + 18. Let w(z) = -20*z - 17. Let g(r) = -4*f(r) - 5*w(r). What is the remainder when g(3) is divided by 37?
36
Let k(z) = 2*z**3 + 7*z**2 + 12*z - 20. Calculate the remainder when k(4) is divided by 62.
20
Let h be 7/(-2)*45/(-420)*-16. What is the remainder when 20*(h/2 + (-1470)/(-150)) is divided by 10?
6
Suppose 6 = 22*i - 25*i + 5*z, 2*i - 3*z = -2. What is the remainder when (6/(-4))/(6/(-112)) is divided by i?
4
Suppose 2*w + q = -5, -7*w + 2*q = -4*w - 10. Suppose w = 3*b + 3*c - 681, -3*b - 3*c = -b - 450. Calculate the remainder when b is divided by 39.
36
Let f(u) = -u**3 + 2*u - 11. Let j be f(-5). Let m = j - 29. What is the remainder when m is divided by 17?
7
Let c be 0*((-3)/4)/3. What is the remainder when (-7 + c/2)/(1/(-21)) is divided by 79?
68
Let a(z) = 4*z**2 - z - 8. Let y be (4/26 - 333/(-117))*-1. Calculate the remainder when 91 is divided by a(y).
29
Let i(n) = 35 + 5*n**2 - 2*n**2 - 5*n**2 + 36*n - 16. Calculate the remainder when 68 is divided by i(18).
11
Suppose -3*n + 2 = -22. Let j = 58 - n. Calculate the remainder when j is divided by 13.
11
Suppose 14*m + 80 = 17*m + c, -3*c - 110 = -5*m. Calculate the remainder when 1362 is divided by m.
12
Let n(g) = -g + 13. Let r be n(5). Let z be (26/r + -1)*4. Suppose z*d - 14 = 130. What is the remainder when d is divided by 9?
7
Suppose 2*r = g + 38, 2*g - 57 = -3*r - 3*g. Calculate the remainder when 37 is divided by r.
18
Let c = 1808 + -1007. Let r = -781 + c. Calculate the remainder when 69 is divided by r.
9
Let k(g) = -39*g**3 - 5*g**2 + g + 1. Let o be k(-1). Suppose 2*h - o = -8. Suppose 0 = -3*a + 4 + 101. Calculate the remainder when a is divided by h.
9
Let y be ((-1 - 0) + 1)/(17 - 16). Suppose -7*f + 231 + 63 = y. Calculate the remainder when f is divided by 11.
9
Let q(m) = -m**3 - 7*m**2 + 227*m + 15. What is the remainder when 3 is divided by q(12)?
0
Let d = -2327 - -2742. Calculate the remainder when d is divided by 132.
19
Suppose 4*m + 3*q = 3754, 7*q - 1884 = -2*m + 9*q. Let s = m - 889. What is the remainder when s is divided by 18?
15
Suppose -q = -5*v - 246, v - 47 = 2*v + 2*q. Let u be (7 + (-78)/12)*-2*46. Let b = u - v. What is the remainder when 9 is divided by b?
0
Suppose 5*b + 55 = -2*h + 191, -3*h + 218 = 4*b. What is the remainder when 168 is divided by h?
12
Let p = -91 - -64. Let r(z) = 14*z**2 + z - 3. What is the remainder when r(-2) is divided by p/2*18/(-9)?
24
Suppose 66 = -1393*r + 1388*r + 686. What is the remainder when r is divided by 8?
4
Let b = -10590 + 10616. Calculate the remainder when 160 is divided by b.
4
Let y(s) = 6*s + 381. Let x(b) = -35*b**3 - b. What is the remainder when y(-40) is divided by x(-1)?
33
Suppose 5*k - 128 = -2*m - 130, -2*m + 16 = 2*k. Calculate the remainder when 6182 is divided by m.
8
Suppose 5*a - 35 = 341*o - 343*o, 5*a + 210 = 5*o. Let r = -2 - 0. Let k = r - -8. What is the remainder when o is divided by k?
5
Let j = -41 - -114. Let i(q) = 8*q**3 - 69*q**2 - 35*q + 212. Calculate the remainder when i(9) is divided by j.
67
Let z(n) = -n**3 + 59*n**2 + n + 38. What is the remainder when 454/6 + 4/(-6) is divided by z(0)?
37
Let z(f) = 10*f - 2. What is the remainder when z(6) is divided by (32/(-384))/((-3)/12)*141?
11
Let d = -3 + -29. Let q(s) = 2*s**3 + 63*s**2 - 38*s - 42. What is the remainder when q(d) is divided by 43?
21
Suppose 4*x = -11*f + 12*f + 7329, f = 3*x - 5497. Suppose 74*p - x = 66*p. Calculate the remainder when p is divided by 11.
9
Suppose -3*a + 20 = a. Let c(m) = 3*m**2 + 0*m**2 + 4*m + 9*m**2 - 9*m**2 - 17. What is the remainder when c(a) is divided by 20?
18
Suppose -4*m - 3*v = 681 - 1260, -3*v - 156 = -m. Calculate the remainder when m is divided by 18/4*(-28)/(-3).
21
Let w = -3086 - -3141. Calculate the remainder when 82 is divided by w.
27
Let y be ((-13)/39)/((-2126)/2124 - -1). Let l = -318 + y. What is the remainder when l is divided by 21?
15
Suppose 820 = 5*s + 507*j - 502*j, 0 = -5*s - j + 784. Suppose 4*m - 2*g - 140 = 0, 0 = 2*m - g + 6*g - 58. What is the remainder when s is divided by m?
19
Let r = -851 + 946. What is the remainder when 283 is divided by r?
93
Suppose 2*d - 16 = -10. Suppose 1 = l - d, l + 46 = y. Calculate the remainder when 198 is divided by y.
48
Let g(z) = z**3 + 10*z**2 + 7. Suppose 3*y - 138 = 79*n - 81*n, 0 = 4*n - 12. What is the remainder when y is divided by g(-10)?
2
Suppose 8*a - 161 = -25. Suppose 2*p - 5*p = -234. What is the remainder when p is divided by a?
10
Calculate the remainder when 380 is divided by ((729/(-6))/(-3))/((-69)/(-92)).
2
Let h(w) = w**2 - 78*w + 429. What is the remainder when 768 is divided by h(75)?
156
Suppose -4*u + 16 = 0, 5*u = y + 2*u. Let a be 1 + -309 + (-4)/((-1)/1). Calculate the remainder when (-21698)/a + 3/(-8) is divided by y.
11
Suppose -3 = c - 8. Suppose -4*z - 5*g + 228 = 0, g - 187 = -c*z + 119. Calculate the remainder when z is divided by 21.
20
Let g = -2459 + 2628. Calculate the remainder when 347 is divided by g.
9
Let j = 573 + -539. What is the remainder when j is divided by 13?
8
Suppose -26*d + 24*d = -140. Let f = 97 - d. Let t = -5 + 12. What is the remainder when f is divided by t?
6
Suppose -5*o - 25 = 0, -5*o - 27 = -2*t + t. Let v be -45 + 50 + (t*1)/(-1). Suppose -7*b - v + 45 = 0. What is the remainder when 26 is divided by b?
2
Let g = -33 - -41. Let v = g + 22. Let m = v - 12. Calculate the remainder when 70 is divided by m.
16
Suppose 5*l + 5*q = 340, -2*l + 5*l - 5*q = 164. Calculate the remainder when 70 is divided by l.
7
Let b = -1989 + 2004. Suppose -2*t + 19 + 186 = 5*s, 5*t = 5*s - 240. Calculate the remainder when s is divided by b.
13
Let y = -5402 - -5487. Calculate the remainder when y is divided by 25.
10
Let b be (160/(-120))/(2/144). Let c = b - -100. Calculate the remainder when c is divided by 2.
0
Let p = 2597 - 2564. Calculate the remainder when 801 is divided by p.
9
Let h(o) = 108*o + 322. Let r be h(-3). Let x(l) be the first derivative of -8*l**2 - 9*l + 2. Calculate the remainder when 64 is divided by x(r).
18
Suppose -j - 59 = -53. Let s(h) = -3*h - 6. Let t(b) = 3*b + 6. Let r(x) = j*t(x) - 7*s(x). What is the remainder when 94 is divided by r(6)?
22
Let t = 5239 + -4668. What is the remainder when t is divided by 270?
31
Let i(u) = -2*u + 78. Let r be i(7). Calculate the remainder when 248 is divided by (99/12 - 3)/(24/r).
10
Suppose 17*n = 19*n. Suppose n*t + 64 = 8*t. Suppose -3*p - t*p + 143 = 0. Calculate the remainder when 61 is divided by p.
9
Let n = 358 - 294. Suppose i = 5*b - n, -15*b - i + 14 = -14*b. Calculate the remainder when 38 is divided by b.
12
What is the remainder when (((-11)/4 - -2)*12049)/((-4416)/11776) is divided by 29?
28
Suppose 0 = 3*o + 3*j - 66, -8*o - 5*j + 38 = -7*o. Let k = 961 - 950. What is the remainder when o is divided by k?
7
Suppose 1018 = 2*q + 4*v - 526, -4*q + 5*v = -3127. What is the remainder when q is divided by 19?
18
Suppose -5*a - 8*d + 70 = -7*d, 5*d = -25. What is the remainder when 126 is divided by (330/(-75))/((-2)/a)?
27
Let z(n) = -11*n**2 + 63*n + 62. What is the remainder when z(6) is divided by (-1 + 2/(-4))*-6?
8
Let z be -2 - (-26)/(-1)*-2. Suppose 4*y + 2*q + 170 = 0, -4*y - 120 = 5*q + 53. Let d = z + y. Wha